ermine y(-195).
-5
Let v(w) = -w**3 - 53*w**2 + 554*w + 204. What is v(-62)?
452
Let d(m) = -4270*m - 34904. Determine d(-7).
-5014
Let b(i) = -235*i - 10977. What is b(-47)?
68
Let n(k) = 9*k**2 - 1081*k + 14404. What is n(15)?
214
Let n(t) = t**2 + 36934*t - 1849197. What is n(50)?
3
Let f(y) = 7425*y - 6551. Give f(1).
874
Let l(d) = 650210*d - 3251063. Determine l(5).
-13
Let t(v) = -3*v**3 - 12*v**2 + 495*v + 2501. What is t(-5)?
101
Let y(h) = 341*h - 2552. Calculate y(7).
-165
Let m(o) = -2*o**2 - 4767*o - 52471. What is m(-11)?
-276
Let i(r) = -147*r**2 - 328*r + 34. Calculate i(-3).
-305
Let z(y) = -10037*y + 90074. What is z(9)?
-259
Let z(n) = -20706*n + 1076691. Calculate z(52).
-21
Let g(k) = -141*k - 853. Give g(-6).
-7
Let w(g) = -3*g**3 + 117*g**2 - 921*g - 1. Determine w(11).
32
Let p(w) = 2*w**3 - 17*w**2 + w - 7. Determine p(7).
-147
Let v(t) = -5*t**3 - 166*t**2 - 64*t - 925. Calculate v(-33).
98
Let y(x) = -141*x - 6247. Calculate y(-44).
-43
Let v(k) = -k**3 + 68*k**2 + 640*k - 279. Calculate v(76).
2153
Let k(x) = 3*x**2 + 113*x - 712. Give k(-39).
-556
Let i(v) = -v**2 - 42323*v - 761481. Calculate i(-18).
9
Let w(y) = 55762*y - 223083. Give w(4).
-35
Let w(g) = 150*g + 18214. Give w(-113).
1264
Let s(c) = -1207*c + 91721. What is s(76)?
-11
Let p(g) = -g**2 - 6107*g + 134835. What is p(22)?
-3
Let f(p) = 3*p**2 + 614*p - 551143. What is f(-543)?
2
Let d(i) = -i**3 + 9*i**2 + 117*i - 678. Give d(14).
-20
Let z(u) = 29*u + 6299. Calculate z(-201).
470
Let f(s) = -s**2 + 928*s - 1471. Give f(0).
-1471
Let k(q) = 4*q**2 - 486*q + 6046. Determine k(13).
404
Let q(m) = -63*m - 1343. Calculate q(-19).
-146
Let m(s) = 4*s**2 - 308*s + 5265. Determine m(26).
-39
Let q(s) = -2*s**3 + 10*s**2 + 177*s - 1087. Give q(6).
-97
Let s(c) = c**3 - 69*c**2 - 576*c - 1256. Calculate s(77).
1824
Let f(n) = 51*n**2 + 7385*n + 22164. Determine f(-3).
468
Let p(c) = -c**3 + 15*c**2 + 307*c - 413. Calculate p(26).
133
Let x(a) = a**3 - 22*a**2 + 90*a - 165. Determine x(19).
462
Let g(s) = 389*s - 14367. What is g(37)?
26
Let u(k) = -60*k**2 - 96*k - 167. Calculate u(-2).
-215
Let b(h) = -5175*h - 113883. Determine b(-22).
-33
Let j(y) = 1429*y**2 + 14272*y - 207. Determine j(-10).
-27
Let q(y) = -y**3 + 279*y**2 + 1071*y - 121. Give q(-4).
123
Let l(i) = 2*i**2 + 26619*i + 133040. Give l(-5).
-5
Let l(r) = -3*r**2 - 26427*r - 237572. Determine l(-9).
28
Let c(m) = 2*m**2 + 5815*m - 87653. Give c(15).
22
Let s(g) = 86*g - 5460. What is s(64)?
44
Let k(y) = -136*y + 805. Give k(5).
125
Let i(h) = h**3 - 81*h**2 - 308*h + 31028. What is i(80)?
-12
Let p(g) = 6179*g + 241026. Give p(-39).
45
Let b(y) = 13*y**3 - 393*y**2 - 307*y + 86. What is b(-1)?
-13
Let g(v) = 6*v**3 - 22*v**2 + 7*v + 135. Calculate g(-2).
-15
Let i(b) = 6482*b - 531595. What is i(82)?
-71
Let y(u) = 12451*u + 86590. Calculate y(-7).
-567
Let l(o) = -42052*o + 126147. Calculate l(3).
-9
Let t(o) = -134617*o - 2153865. Determine t(-16).
7
Let p(o) = 292*o - 15394. Give p(52).
-210
Let s(x) = 5044*x + 887744. Determine s(-176).
0
Let a(n) = 4*n**3 + 5*n**2 + 177*n + 523. Give a(-3).
-71
Let g(d) = 8*d**2 - 138*d + 1329. Determine g(14).
965
Let t(m) = -243*m - 2323. Determine t(-3).
-1594
Let p(h) = -h**3 + h**2 + 487*h + 3972. Calculate p(-12).
0
Let t(u) = 16*u**2 + 9*u + 1242. What is t(0)?
1242
Let w(v) = 2*v**2 - 43*v - 494. Determine w(38).
760
Let h(o) = 4*o**3 + 121*o**2 - 19*o - 14. What is h(-30)?
1456
Let r(l) = 2006574*l - 42138056. Give r(21).
-2
Let t(r) = 1130*r + 345765. Calculate t(-306).
-15
Let n(h) = h**3 + 382*h**2 + 35960*h + 1708. Determine n(-214).
-4
Let h(c) = 13862*c + 124106. Give h(-9).
-652
Let m(v) = 20*v**2 - 228*v - 48. Calculate m(7).
-664
Let u(h) = 944737*h + 5. Determine u(0).
5
Let h(t) = 747*t + 723. Determine h(-3).
-1518
Let a(h) = 36743*h + 2057616. Determine a(-56).
8
Let d(o) = -11*o**3 - 626*o**2 + 34*o + 295. Give d(-57).
1606
Let r(w) = 10457*w + 1349092. What is r(-129)?
139
Let f(o) = 664*o**2 - 40479*o + 15. Give f(61).
1540
Let w(j) = -220*j - 34865. Determine w(-160).
335
Let r(i) = -26920*i - 1642125. What is r(-61)?
-5
Let r(q) = -2*q**2 - 160*q - 3318. What is r(-25)?
-568
Let o(b) = 13076*b - 13063. What is o(1)?
13
Let y(l) = l**2 - 13806*l + 234414. Give y(17).
1
Let n(b) = -2*b**3 - 20*b**2 + 478*b + 4081. Calculate n(-8).
1
Let v(h) = -2*h**3 - 22*h**2 + 996*h - 3238. Give v(15).
2
Let a(u) = -134*u**2 + 710*u + 555. Give a(6).
-9
Let b(l) = 406*l**2 + 2487*l - 8. Calculate b(-6).
-314
Let r(k) = 10*k**3 - 192*k**2 + 100*k - 1147. Calculate r(19).
31
Let d(o) = o**3 + 119*o**2 - 17*o - 2027. What is d(-119)?
-4
Let r(j) = 10567*j - 190295. What is r(18)?
-89
Let k(q) = -q**3 + 4*q**2 - 112*q - 115. Determine k(-10).
2405
Let u(q) = -13*q**2 + 1664*q + 49. Give u(127).
1700
Let t(d) = 3*d**3 - 369*d**2 - 10*d - 140. Give t(123).
-1370
Let l(t) = -t**3 + 41*t**2 + 2*t + 2226. Give l(40).
3906
Let b(r) = 530*r - 128987. What is b(246)?
1393
Let u(o) = 165*o**2 - 18655*o + 1135. Determine u(113).
5
Let k(b) = 31*b**2 - 344*b - 2257. Calculate k(-6).
923
Let l(d) = -80965*d - 323850. Calculate l(-4).
10
Let a(y) = 27*y**2 - 578*y - 180. What is a(22)?
172
Let u(l) = -3*l**2 + 109*l + 677. Calculate u(42).
-37
Let w(x) = 41*x - 3120. Calculate w(65).
-455
Let m(p) = p**3 - 25*p**2 + 228*p - 5678. Determine m(25).
22
Let b(r) = -3*r**2 - 33670*r + 134664. What is b(4)?
-64
Let n(b) = 90*b**2 + 324*b + 966. Calculate n(-3).
804
Let l(j) = -27*j**3 - 3220*j**2 - 779*j + 6420. What is l(-119)?
-6
Let z(h) = h**2 - 1314*h - 55547. Calculate z(-41).
8
Let m(v) = -1007*v + 145435. Give m(147).
-2594
Let u(a) = -14*a**3 - 4*a**2 - a + 50. Calculate u(4).
-914
Let b(z) = -60*z**2 - 1366*z + 1814. Give b(-24).
38
Let p(r) = -850*r + 5838. Give p(7).
-112
Let p(x) = -6*x**2 + 13548*x + 13546. What is p(-1)?
-8
Let k(r) = r**3 - 624*r**2 + 1894*r - 19251. Determine k(621).
0
Let a(d) = -362*d**3 - d**2 - 2*d - 1. Calculate a(-1).
362
Let h(w) = -32*w**2 - 542*w - 30. Determine h(-14).
1286
Let l(b) = -b**3 + 18*b**2 - 97*b + 2497. Determine l(20).
-243
Let c(x) = 1428*x - 6132. Calculate c(4).
-420
Let h(u) = u**3 - 3*u**2 - 598*u + 1795. Calculate h(3).
1
Let n(p) = 70*p - 10045. Calculate n(154).
735
Let q(u) = -2*u**3 + 20*u**2 - 106*u + 409. Give q(4).
177
Let x(s) = 2301*s + 53002. Give x(-23).
79
Let i(w) = 17*w**2 + 140*w - 477. Calculate i(-11).
40
Let p(o) = -o**2 + 147*o - 5301. What is p(58)?
-139
Let i(k) = -3051*k + 222509. Calculate i(73).
-214
Let x(z) = -z**3 - 84*z**2 - 87*z - 369. Calculate x(-83).
-37
Let q(n) = -15764*n + 47301. Determine q(3).
9
Let b(z) = z**3 + 58*z**2 - 184*z + 133. What is b(-61)?
194
Let u(o) = -3*o**2 + 1061*o + 16230. Determine u(-15).
-360
Let k(x) = x**3 + 29*x**2 - 18*x - 2508. Calculate k(-26).
-12
Let p(m) = -27126*m - 271249. What is p(-10)?
11
Let s(l) = 2*l**2 + 298*l - 3187. Determine s(-160).
333
Let i(t) = -3*t**3 + 109*t**2 - 615*t - 3829. Give i(27).
-22
Let b(z) = 2*z**2 - z - 1549. Calculate b(-33).
662
Let g(q) = -33828*q - 3416661. Calculate g(-101).
-33
Let o(j) = 33607*j - 100824. Calculate o(3).
-3
Let a(y) = -y**3 + 10*y**2 + 38*y + 32. What is a(11)?
329
Let h(g) = -4609*g - 788252. What is h(-171)?
-113
Let n(u) = -17*u**2 + 4662*u - 31792. Calculate n(7).
9
Let m(n) = n**3 - 37*n**2 - 12*n - 867. What is m(38)?
121
Let f(i) = -3*i**2 + 389*i + 4302. What is f(141)?
-492
Let h(t) = 11*t**2 - 1386*t - 2697. Give h(128).
119
Let y(v) = 8694*v + 99071. What is y(-11)?
3437
Let b(a) = 2*a**2 - 194*a + 4585. Calculate b(56).
-7
Let k(l) = l**2 - 261*l - 6521. Determine k(-23).
11
Let u(k) = 23*k**3 + 8*k**2 + 685*k + 685. What is u(-1)?
-15
Let h(a) = -2*a**3 - 721*a**2 - 990*a + 31210. Calculate h(-359).
-23
Let z(i) = -2284*i + 7082. Determine z(3).
230
Let c(y) = -y**3 + 39*y**2 - 150*y + 7361. Calculate c(39).
1511
Let t(q) = -11*q**2 + 1334*q - 4245. Calculate t(118).
3
Let k(o) = -44*o**3 - 3*o**2 - 75*o - 71. What is k(-1)?
45
Let w(r) = -1726*r - 48342. What is w(-28)?
-14
Let l(g) = 22*g**2 + 24*g - 7470. Determine l(-19).
16
Let z(r) = -6888*r**2 - 112*r - 113. What is z(-1)?
-6889
Let n(l) = 148*l + 9182. Calculate n(-62).
6
Let s(f) = 180*f**2 + 14041*f + 5. 